[INFO] fetching crate yaiouom-check 0.1.0...
[INFO] checking yaiouom-check-0.1.0 against master#e6e4f7ed1589e03bc2f6c5931c1a72e7947e8682 for beta-170-4
[INFO] extracting crate yaiouom-check 0.1.0 into /workspace/builds/worker-4-tc2/source
[INFO] validating manifest of crates.io crate yaiouom-check 0.1.0 on toolchain e6e4f7ed1589e03bc2f6c5931c1a72e7947e8682
[INFO] running `Command { std: CARGO_HOME="/workspace/cargo-home" RUSTUP_HOME="/workspace/rustup-home" "/workspace/cargo-home/bin/cargo" "+e6e4f7ed1589e03bc2f6c5931c1a72e7947e8682" "metadata" "--manifest-path" "Cargo.toml" "--no-deps", kill_on_drop: false }`
[INFO] started tweaking crates.io crate yaiouom-check 0.1.0
[INFO] finished tweaking crates.io crate yaiouom-check 0.1.0
[INFO] tweaked toml for crates.io crate yaiouom-check 0.1.0 written to /workspace/builds/worker-4-tc2/source/Cargo.toml
[INFO] running `Command { std: CARGO_HOME="/workspace/cargo-home" RUSTUP_HOME="/workspace/rustup-home" __CARGO_TEST_CHANNEL_OVERRIDE_DO_NOT_USE_THIS="nightly" "/workspace/cargo-home/bin/cargo" "+e6e4f7ed1589e03bc2f6c5931c1a72e7947e8682" "generate-lockfile" "--manifest-path" "Cargo.toml" "-Zno-index-update", kill_on_drop: false }`
[INFO] running `Command { std: CARGO_HOME="/workspace/cargo-home" RUSTUP_HOME="/workspace/rustup-home" "/workspace/cargo-home/bin/cargo" "+e6e4f7ed1589e03bc2f6c5931c1a72e7947e8682" "fetch" "--manifest-path" "Cargo.toml", kill_on_drop: false }`
[INFO] running `Command { std: "docker" "create" "-v" "/var/lib/crater-agent-workspace/builds/worker-4-tc2/target:/opt/rustwide/target:rw,Z" "-v" "/var/lib/crater-agent-workspace/builds/worker-4-tc2/source:/opt/rustwide/workdir:ro,Z" "-v" "/var/lib/crater-agent-workspace/cargo-home:/opt/rustwide/cargo-home:ro,Z" "-v" "/var/lib/crater-agent-workspace/rustup-home:/opt/rustwide/rustup-home:ro,Z" "-e" "SOURCE_DIR=/opt/rustwide/workdir" "-e" "CARGO_TARGET_DIR=/opt/rustwide/target" "-e" "CARGO_HOME=/opt/rustwide/cargo-home" "-e" "RUSTUP_HOME=/opt/rustwide/rustup-home" "-w" "/opt/rustwide/workdir" "-m" "1610612736" "--user" "0:0" "--network" "none" "ghcr.io/rust-lang/crates-build-env/linux@sha256:19e73879b68f455e41552ea35293514db52ea292d993f571636dbffedb77a1ee" "/opt/rustwide/cargo-home/bin/cargo" "+e6e4f7ed1589e03bc2f6c5931c1a72e7947e8682" "metadata" "--no-deps" "--format-version=1", kill_on_drop: false }`
[INFO] [stdout] 40577909fe0ac81d20f3ec14fd1c0b8244b722bae94e3bf2ed9245a7d8976b4d
[INFO] running `Command { std: "docker" "start" "-a" "40577909fe0ac81d20f3ec14fd1c0b8244b722bae94e3bf2ed9245a7d8976b4d", kill_on_drop: false }`
[INFO] running `Command { std: "docker" "inspect" "40577909fe0ac81d20f3ec14fd1c0b8244b722bae94e3bf2ed9245a7d8976b4d", kill_on_drop: false }`
[INFO] running `Command { std: "docker" "rm" "-f" "40577909fe0ac81d20f3ec14fd1c0b8244b722bae94e3bf2ed9245a7d8976b4d", kill_on_drop: false }`
[INFO] [stdout] 40577909fe0ac81d20f3ec14fd1c0b8244b722bae94e3bf2ed9245a7d8976b4d
[INFO] running `Command { std: "docker" "create" "-v" "/var/lib/crater-agent-workspace/builds/worker-4-tc2/target:/opt/rustwide/target:rw,Z" "-v" "/var/lib/crater-agent-workspace/builds/worker-4-tc2/source:/opt/rustwide/workdir:ro,Z" "-v" "/var/lib/crater-agent-workspace/cargo-home:/opt/rustwide/cargo-home:ro,Z" "-v" "/var/lib/crater-agent-workspace/rustup-home:/opt/rustwide/rustup-home:ro,Z" "-e" "SOURCE_DIR=/opt/rustwide/workdir" "-e" "CARGO_TARGET_DIR=/opt/rustwide/target" "-e" "CARGO_INCREMENTAL=0" "-e" "RUST_BACKTRACE=full" "-e" "RUSTFLAGS=--cap-lints=forbid" "-e" "RUSTDOCFLAGS=--cap-lints=forbid" "-e" "CARGO_HOME=/opt/rustwide/cargo-home" "-e" "RUSTUP_HOME=/opt/rustwide/rustup-home" "-w" "/opt/rustwide/workdir" "-m" "1610612736" "--user" "0:0" "--network" "none" "ghcr.io/rust-lang/crates-build-env/linux@sha256:19e73879b68f455e41552ea35293514db52ea292d993f571636dbffedb77a1ee" "/opt/rustwide/cargo-home/bin/cargo" "+e6e4f7ed1589e03bc2f6c5931c1a72e7947e8682" "check" "--frozen" "--all" "--all-targets" "--message-format=json", kill_on_drop: false }`
[INFO] [stdout] 73fafb00bf09c4d0aee32ad4fbb50014322a38f6ded173b7f6c9569bb2bc008d
[INFO] running `Command { std: "docker" "start" "-a" "73fafb00bf09c4d0aee32ad4fbb50014322a38f6ded173b7f6c9569bb2bc008d", kill_on_drop: false }`
[INFO] [stderr]     Checking yaiouom-check v0.1.0 (/opt/rustwide/workdir)
[INFO] [stdout] error[E0557]: feature has been removed
[INFO] [stdout]  --> src/cargo.rs:3:12
[INFO] [stdout]   |
[INFO] [stdout] 3 | #![feature(box_syntax)]
[INFO] [stdout]   |            ^^^^^^^^^^ feature has been removed
[INFO] [stdout]   |
[INFO] [stdout]   = note: replaced with `#[rustc_box]`
[INFO] [stdout] 
[INFO] [stdout] 
[INFO] [stdout] error[E0557]: feature has been removed
[INFO] [stdout]  --> src/cargo.rs:3:12
[INFO] [stdout]   |
[INFO] [stdout] 3 | #![feature(box_syntax)]
[INFO] [stdout]   |            ^^^^^^^^^^ feature has been removed
[INFO] [stdout]   |
[INFO] [stdout]   = note: replaced with `#[rustc_box]`
[INFO] [stdout] 
[INFO] [stdout] 
[INFO] [stdout] error: aborting due to previous error
[INFO] [stdout] 
[INFO] [stdout] 
[INFO] [stdout] For more information about this error, try `rustc --explain E0557`.
[INFO] [stdout] 
[INFO] [stdout] error[E0462]: found staticlib `rustc` instead of rlib or dylib
[INFO] [stdout]  --> src/main.rs:5:1
[INFO] [stdout]   |
[INFO] [stdout] 5 | extern crate rustc;
[INFO] [stdout]   | ^^^^^^^^^^^^^^^^^^^
[INFO] [stdout]   |
[INFO] [stdout]   = note: the following crate versions were found:
[INFO] [stdout]           crate `rustc`: /opt/rustwide/rustup-home/toolchains/e6e4f7ed1589e03bc2f6c5931c1a72e7947e8682/lib/rustlib/x86_64-unknown-linux-gnu/lib/librustc-nightly_rt.tsan.a
[INFO] [stdout]           crate `rustc`: /opt/rustwide/rustup-home/toolchains/e6e4f7ed1589e03bc2f6c5931c1a72e7947e8682/lib/rustlib/x86_64-unknown-linux-gnu/lib/librustc-nightly_rt.msan.a
[INFO] [stdout]           crate `rustc`: /opt/rustwide/rustup-home/toolchains/e6e4f7ed1589e03bc2f6c5931c1a72e7947e8682/lib/rustlib/x86_64-unknown-linux-gnu/lib/librustc-nightly_rt.asan.a
[INFO] [stdout]           crate `rustc`: /opt/rustwide/rustup-home/toolchains/e6e4f7ed1589e03bc2f6c5931c1a72e7947e8682/lib/rustlib/x86_64-unknown-linux-gnu/lib/librustc-nightly_rt.lsan.a
[INFO] [stdout]           crate `rustc`: /opt/rustwide/rustup-home/toolchains/e6e4f7ed1589e03bc2f6c5931c1a72e7947e8682/lib/rustlib/x86_64-unknown-linux-gnu/lib/librustc-nightly_rt.safestack.a
[INFO] [stdout]   = help: please recompile that crate using --crate-type lib
[INFO] [stdout] 
[INFO] [stdout] 
[INFO] [stdout] error[E0463]: can't find crate for `rustc_driver`
[INFO] [stdout]  --> src/main.rs:6:1
[INFO] [stdout]   |
[INFO] [stdout] 6 | extern crate rustc_driver;
[INFO] [stdout]   | ^^^^^^^^^^^^^^^^^^^^^^^^^^ can't find crate
[INFO] [stdout]   |
[INFO] [stdout]   = help: maybe you need to install the missing components with: `rustup component add rust-src rustc-dev llvm-tools-preview`
[INFO] [stdout] 
[INFO] [stdout] 
[INFO] [stdout] error[E0463]: can't find crate for `rustc_errors`
[INFO] [stdout]  --> src/main.rs:7:1
[INFO] [stdout]   |
[INFO] [stdout] 7 | extern crate rustc_errors;
[INFO] [stdout]   | ^^^^^^^^^^^^^^^^^^^^^^^^^^ can't find crate
[INFO] [stdout]   |
[INFO] [stdout]   = help: maybe you need to install the missing components with: `rustup component add rust-src rustc-dev llvm-tools-preview`
[INFO] [stdout] 
[INFO] [stdout] 
[INFO] [stderr] error: could not compile `yaiouom-check` (bin "cargo-yaiouom") due to 2 previous errors
[INFO] [stderr] warning: build failed, waiting for other jobs to finish...
[INFO] [stdout] error[E0463]: can't find crate for `rustc_trans_utils`
[INFO] [stdout]  --> src/main.rs:8:1
[INFO] [stdout]   |
[INFO] [stdout] 8 | extern crate rustc_trans_utils;
[INFO] [stdout]   | ^^^^^^^^^^^^^^^^^^^^^^^^^^^^^^^ can't find crate
[INFO] [stdout]   |
[INFO] [stdout]   = help: maybe you need to install the missing components with: `rustup component add rust-src rustc-dev llvm-tools-preview`
[INFO] [stdout] 
[INFO] [stdout] 
[INFO] [stdout] error[E0463]: can't find crate for `syntax`
[INFO] [stdout]  --> src/main.rs:9:1
[INFO] [stdout]   |
[INFO] [stdout] 9 | extern crate syntax;
[INFO] [stdout]   | ^^^^^^^^^^^^^^^^^^^^ can't find crate
[INFO] [stdout] 
[INFO] [stdout] 
[INFO] [stdout] error[E0462]: found staticlib `rustc` instead of rlib or dylib
[INFO] [stdout]  --> src/main.rs:5:1
[INFO] [stdout]   |
[INFO] [stdout] 5 | extern crate rustc;
[INFO] [stdout]   | ^^^^^^^^^^^^^^^^^^^
[INFO] [stdout]   |
[INFO] [stdout]   = note: the following crate versions were found:
[INFO] [stdout]           crate `rustc`: /opt/rustwide/rustup-home/toolchains/e6e4f7ed1589e03bc2f6c5931c1a72e7947e8682/lib/rustlib/x86_64-unknown-linux-gnu/lib/librustc-nightly_rt.tsan.a
[INFO] [stdout]           crate `rustc`: /opt/rustwide/rustup-home/toolchains/e6e4f7ed1589e03bc2f6c5931c1a72e7947e8682/lib/rustlib/x86_64-unknown-linux-gnu/lib/librustc-nightly_rt.msan.a
[INFO] [stdout]           crate `rustc`: /opt/rustwide/rustup-home/toolchains/e6e4f7ed1589e03bc2f6c5931c1a72e7947e8682/lib/rustlib/x86_64-unknown-linux-gnu/lib/librustc-nightly_rt.asan.a
[INFO] [stdout]           crate `rustc`: /opt/rustwide/rustup-home/toolchains/e6e4f7ed1589e03bc2f6c5931c1a72e7947e8682/lib/rustlib/x86_64-unknown-linux-gnu/lib/librustc-nightly_rt.lsan.a
[INFO] [stdout]           crate `rustc`: /opt/rustwide/rustup-home/toolchains/e6e4f7ed1589e03bc2f6c5931c1a72e7947e8682/lib/rustlib/x86_64-unknown-linux-gnu/lib/librustc-nightly_rt.safestack.a
[INFO] [stdout]   = help: please recompile that crate using --crate-type lib
[INFO] [stdout] 
[INFO] [stdout] 
[INFO] [stdout] error[E0463]: can't find crate for `rustc_driver`
[INFO] [stdout]  --> src/main.rs:6:1
[INFO] [stdout]   |
[INFO] [stdout] 6 | extern crate rustc_driver;
[INFO] [stdout]   | ^^^^^^^^^^^^^^^^^^^^^^^^^^ can't find crate
[INFO] [stdout]   |
[INFO] [stdout]   = help: maybe you need to install the missing components with: `rustup component add rust-src rustc-dev llvm-tools-preview`
[INFO] [stdout] 
[INFO] [stdout] 
[INFO] [stdout] error[E0463]: can't find crate for `rustc_errors`
[INFO] [stdout]  --> src/main.rs:7:1
[INFO] [stdout]   |
[INFO] [stdout] 7 | extern crate rustc_errors;
[INFO] [stdout]   | ^^^^^^^^^^^^^^^^^^^^^^^^^^ can't find crate
[INFO] [stdout]   |
[INFO] [stdout]   = help: maybe you need to install the missing components with: `rustup component add rust-src rustc-dev llvm-tools-preview`
[INFO] [stdout] 
[INFO] [stdout] 
[INFO] [stdout] error[E0463]: can't find crate for `rustc_trans_utils`
[INFO] [stdout]  --> src/main.rs:8:1
[INFO] [stdout]   |
[INFO] [stdout] 8 | extern crate rustc_trans_utils;
[INFO] [stdout]   | ^^^^^^^^^^^^^^^^^^^^^^^^^^^^^^^ can't find crate
[INFO] [stdout]   |
[INFO] [stdout]   = help: maybe you need to install the missing components with: `rustup component add rust-src rustc-dev llvm-tools-preview`
[INFO] [stdout] 
[INFO] [stdout] 
[INFO] [stdout] error[E0463]: can't find crate for `syntax`
[INFO] [stdout]  --> src/main.rs:9:1
[INFO] [stdout]   |
[INFO] [stdout] 9 | extern crate syntax;
[INFO] [stdout]   | ^^^^^^^^^^^^^^^^^^^^ can't find crate
[INFO] [stdout] 
[INFO] [stdout] 
[INFO] [stdout] error: aborting due to previous error
[INFO] [stdout] 
[INFO] [stdout] 
[INFO] [stdout] For more information about this error, try `rustc --explain E0557`.
[INFO] [stdout] 
[INFO] [stderr] error: could not compile `yaiouom-check` (bin "cargo-yaiouom" test) due to 2 previous errors
[INFO] [stdout] error[E0531]: cannot find tuple struct or tuple variant `ExprMethodCall` in this scope
[INFO] [stdout]    --> src/dimanalysis.rs:241:13
[INFO] [stdout]     |
[INFO] [stdout] 241 |             ExprMethodCall(_, _, _) => {
[INFO] [stdout]     |             ^^^^^^^^^^^^^^ not found in this scope
[INFO] [stdout] 
[INFO] [stdout] 
[INFO] [stdout] error[E0412]: cannot find type `RustcDefaultCalls` in this scope
[INFO] [stdout]   --> src/main.rs:37:14
[INFO] [stdout]    |
[INFO] [stdout] 37 |     default: RustcDefaultCalls,
[INFO] [stdout]    |              ^^^^^^^^^^^^^^^^^ not found in this scope
[INFO] [stdout] 
[INFO] [stdout] 
[INFO] [stdout] error[E0425]: cannot find value `RustcDefaultCalls` in this scope
[INFO] [stdout]   --> src/main.rs:42:22
[INFO] [stdout]    |
[INFO] [stdout] 42 |             default: RustcDefaultCalls
[INFO] [stdout]    |                      ^^^^^^^^^^^^^^^^^ not found in this scope
[INFO] [stdout] 
[INFO] [stdout] 
[INFO] [stdout] error[E0412]: cannot find type `Compilation` in this scope
[INFO] [stdout]   --> src/main.rs:47:236
[INFO] [stdout]    |
[INFO] [stdout] 47 | ...put: rustc::session::config::ErrorOutputType) -> Compilation {
[INFO] [stdout]    |                                                     ^^^^^^^^^^^ not found in this scope
[INFO] [stdout] 
[INFO] [stdout] 
[INFO] [stdout] error[E0412]: cannot find type `Compilation` in this scope
[INFO] [stdout]   --> src/main.rs:55:292
[INFO] [stdout]    |
[INFO] [stdout] 55 | ...r: &Option<PathBuf>, ofile: &Option<PathBuf>) -> Compilation {
[INFO] [stdout]    |                                                     ^^^^^^^^^^^ not found in this scope
[INFO] [stdout] 
[INFO] [stdout] 
[INFO] [stdout] error[E0581]: return type references lifetime `'tcx`, which is not constrained by the fn input types
[INFO] [stdout]   --> src/main.rs:21:74
[INFO] [stdout]    |
[INFO] [stdout] 21 | fn typeck_tables_of<'a, 'tcx>(ctx: TyCtxt<'a, 'tcx, 'tcx>, id: DefId) -> &'tcx TypeckTables<'tcx> {
[INFO] [stdout]    |                                                                          ^^^^^^^^^^^^^^^^^^^^^^^^
[INFO] [stdout] 
[INFO] [stdout] 
[INFO] [stdout] error[E0433]: failed to resolve: use of undeclared type `DiagnosticStyledString`
[INFO] [stdout]    --> src/dimanalysis.rs:317:40
[INFO] [stdout]     |
[INFO] [stdout] 317 |                     let mut expected = DiagnosticStyledString::new();
[INFO] [stdout]     |                                        ^^^^^^^^^^^^^^^^^^^^^^ use of undeclared type `DiagnosticStyledString`
[INFO] [stdout] 
[INFO] [stdout] 
[INFO] [stdout] error[E0433]: failed to resolve: use of undeclared type `DiagnosticStyledString`
[INFO] [stdout]    --> src/dimanalysis.rs:320:37
[INFO] [stdout]     |
[INFO] [stdout] 320 |                     let mut found = DiagnosticStyledString::new();
[INFO] [stdout]     |                                     ^^^^^^^^^^^^^^^^^^^^^^ use of undeclared type `DiagnosticStyledString`
[INFO] [stdout] 
[INFO] [stdout] 
[INFO] [stdout] error[E0433]: failed to resolve: use of undeclared crate or module `driver`
[INFO] [stdout]   --> src/main.rs:59:99
[INFO] [stdout]    |
[INFO] [stdout] 59 |     fn build_controller(&mut self, sess: &rustc::session::Session, matches: &getopts::Matches) -> driver::CompileController<'a> {
[INFO] [stdout]    |                                                                                                   ^^^^^^ use of undeclared crate or module `driver`
[INFO] [stdout] 
[INFO] [stdout] 
[INFO] [stdout] error: aborting due to 14 previous errors
[INFO] [stdout] 
[INFO] [stdout] 
[INFO] [stdout] Some errors have detailed explanations: E0412, E0425, E0433, E0462, E0463, E0531, E0581.
[INFO] [stdout] 
[INFO] [stdout] For more information about an error, try `rustc --explain E0412`.
[INFO] [stdout] 
[INFO] [stderr] error: could not compile `yaiouom-check` (bin "yaiouom-check") due to 15 previous errors
[INFO] [stdout] error[E0531]: cannot find tuple struct or tuple variant `ExprMethodCall` in this scope
[INFO] [stdout]    --> src/dimanalysis.rs:241:13
[INFO] [stdout]     |
[INFO] [stdout] 241 |             ExprMethodCall(_, _, _) => {
[INFO] [stdout]     |             ^^^^^^^^^^^^^^ not found in this scope
[INFO] [stdout] 
[INFO] [stdout] 
[INFO] [stdout] error[E0412]: cannot find type `RustcDefaultCalls` in this scope
[INFO] [stdout]   --> src/main.rs:37:14
[INFO] [stdout]    |
[INFO] [stdout] 37 |     default: RustcDefaultCalls,
[INFO] [stdout]    |              ^^^^^^^^^^^^^^^^^ not found in this scope
[INFO] [stdout] 
[INFO] [stdout] 
[INFO] [stdout] error[E0425]: cannot find value `RustcDefaultCalls` in this scope
[INFO] [stdout]   --> src/main.rs:42:22
[INFO] [stdout]    |
[INFO] [stdout] 42 |             default: RustcDefaultCalls
[INFO] [stdout]    |                      ^^^^^^^^^^^^^^^^^ not found in this scope
[INFO] [stdout] 
[INFO] [stdout] 
[INFO] [stdout] error[E0412]: cannot find type `Compilation` in this scope
[INFO] [stdout]   --> src/main.rs:47:236
[INFO] [stdout]    |
[INFO] [stdout] 47 | ...put: rustc::session::config::ErrorOutputType) -> Compilation {
[INFO] [stdout]    |                                                     ^^^^^^^^^^^ not found in this scope
[INFO] [stdout] 
[INFO] [stdout] 
[INFO] [stdout] error[E0412]: cannot find type `Compilation` in this scope
[INFO] [stdout]   --> src/main.rs:55:292
[INFO] [stdout]    |
[INFO] [stdout] 55 | ...r: &Option<PathBuf>, ofile: &Option<PathBuf>) -> Compilation {
[INFO] [stdout]    |                                                     ^^^^^^^^^^^ not found in this scope
[INFO] [stdout] 
[INFO] [stdout] 
[INFO] [stdout] error[E0581]: return type references lifetime `'tcx`, which is not constrained by the fn input types
[INFO] [stdout]   --> src/main.rs:21:74
[INFO] [stdout]    |
[INFO] [stdout] 21 | fn typeck_tables_of<'a, 'tcx>(ctx: TyCtxt<'a, 'tcx, 'tcx>, id: DefId) -> &'tcx TypeckTables<'tcx> {
[INFO] [stdout]    |                                                                          ^^^^^^^^^^^^^^^^^^^^^^^^
[INFO] [stdout] 
[INFO] [stdout] 
[INFO] [stdout] error[E0433]: failed to resolve: use of undeclared type `DiagnosticStyledString`
[INFO] [stdout]    --> src/dimanalysis.rs:317:40
[INFO] [stdout]     |
[INFO] [stdout] 317 |                     let mut expected = DiagnosticStyledString::new();
[INFO] [stdout]     |                                        ^^^^^^^^^^^^^^^^^^^^^^ use of undeclared type `DiagnosticStyledString`
[INFO] [stdout] 
[INFO] [stdout] 
[INFO] [stdout] error[E0433]: failed to resolve: use of undeclared type `DiagnosticStyledString`
[INFO] [stdout]    --> src/dimanalysis.rs:320:37
[INFO] [stdout]     |
[INFO] [stdout] 320 |                     let mut found = DiagnosticStyledString::new();
[INFO] [stdout]     |                                     ^^^^^^^^^^^^^^^^^^^^^^ use of undeclared type `DiagnosticStyledString`
[INFO] [stdout] 
[INFO] [stdout] 
[INFO] [stdout] error[E0433]: failed to resolve: use of undeclared crate or module `driver`
[INFO] [stdout]   --> src/main.rs:59:99
[INFO] [stdout]    |
[INFO] [stdout] 59 |     fn build_controller(&mut self, sess: &rustc::session::Session, matches: &getopts::Matches) -> driver::CompileController<'a> {
[INFO] [stdout]    |                                                                                                   ^^^^^^ use of undeclared crate or module `driver`
[INFO] [stdout] 
[INFO] [stdout] 
[INFO] [stdout] error: aborting due to 14 previous errors
[INFO] [stdout] 
[INFO] [stdout] 
[INFO] [stdout] Some errors have detailed explanations: E0412, E0425, E0433, E0462, E0463, E0531, E0581.
[INFO] [stdout] 
[INFO] [stdout] For more information about an error, try `rustc --explain E0412`.
[INFO] [stdout] 
[INFO] [stderr] error: could not compile `yaiouom-check` (bin "yaiouom-check" test) due to 15 previous errors
[INFO] running `Command { std: "docker" "inspect" "73fafb00bf09c4d0aee32ad4fbb50014322a38f6ded173b7f6c9569bb2bc008d", kill_on_drop: false }`
[INFO] running `Command { std: "docker" "rm" "-f" "73fafb00bf09c4d0aee32ad4fbb50014322a38f6ded173b7f6c9569bb2bc008d", kill_on_drop: false }`
[INFO] [stdout] 73fafb00bf09c4d0aee32ad4fbb50014322a38f6ded173b7f6c9569bb2bc008d
